
-1
Let k(s) = 7*s + 72. Give k(0).
72
Let v(f) = f**3 + 5*f**2 - 25*f + 47. Calculate v(-9).
-52
Let z(h) = h**2 + 138*h + 4688. Calculate z(-60).
8
Let h(k) = k**2 + 37*k - 17. Determine h(-37).
-17
Let d(b) = -3*b**3 + 221*b**2 - 144*b + 163. Determine d(73).
309
Let k(h) = 3*h**3 + 10*h**2 - 15*h - 30. What is k(-3)?
24
Let h(o) = -o**3 + 10*o**2 - 13*o - 25. Calculate h(7).
31
Let g(c) = -c**3 - 43*c**2 + 63*c + 848. Determine g(-44).
12
Let p(i) = -i**3 + 15*i**2 + 74*i + 41. Give p(19).
3
Let k(b) = -b**2 - 420*b + 104100. Give k(175).
-25
Let f(p) = -50*p**3 + p**2 - 9*p - 9. Determine f(-1).
51
Let v(b) = -b**3 - 12*b**2 + 259*b - 21. Give v(11).
45
Let q(p) = 3*p**2 + 43*p - 20. Give q(-14).
-34
Let y(j) = -1647*j - 1630. Determine y(-1).
17
Let h(q) = 90*q + 242. Calculate h(7).
872
Let p(w) = 1583*w - 36413. What is p(23)?
-4
Let v(j) = -j**3 - 4*j**2 + 2*j - 30. What is v(-6)?
30
Let q(b) = 29*b**2 - 201*b + 150. What is q(7)?
164
Let d(h) = -h**2 - 130*h + 1629. What is d(-141)?
78
Let s(n) = n**3 - 5*n**2 - 18*n + 70. Determine s(7).
42
Let q(d) = 6*d**2 + 95*d - 1. Determine q(-16).
15
Let f(r) = 102*r + 5398. Calculate f(-53).
-8
Let o(f) = 60*f**2 - 67*f + 282. Determine o(4).
974
Let p(h) = -4*h**2 - 50*h - 29. Give p(-15).
-179
Let c(h) = h**3 - 121*h**2 + 364*h - 1067. Calculate c(118).
113
Let w(p) = -150*p - 22346. Give w(-149).
4
Let j(q) = -q**3 + 29*q**2 - 59*q + 133. Determine j(27).
-2
Let a(k) = -6*k + 280. Give a(45).
10
Let g(w) = -w**2 + 19*w + 73. Calculate g(24).
-47
Let j(v) = -2*v**3 - 46*v**2 + 2*v + 78. Calculate j(-23).
32
Let d(o) = -o**3 + 19*o**2 + 463*o + 78. Determine d(33).
111
Let t(k) = k**2 + 27*k + 85. Determine t(-4).
-7
Let r(f) = 26*f - 268. Calculate r(22).
304
Let r(b) = -19*b**2 - 381*b - 63. What is r(-20)?
-43
Let t(s) = 2*s**3 + 118*s**2 - 119*s + 95. What is t(-60)?
35
Let r(x) = x**3 - 16*x**2 + 20*x + 11. Give r(15).
86
Let t(w) = -5416*w - 10804. What is t(-2)?
28
Let z(d) = 109*d - 664. Calculate z(5).
-119
Let z(c) = -7*c + 576. Calculate z(32).
352
Let i(p) = -p**3 - 228*p**2 + 462*p - 7. Give i(2).
-3
Let w(q) = -69*q**2 + 37*q + 39. Calculate w(-1).
-67
Let m(a) = 17*a**2 + 15*a - 36. Determine m(3).
162
Let n(c) = 2*c**3 - 35*c**2 - 21*c + 61. Calculate n(18).
7
Let l(q) = -296*q - 45. What is l(-2)?
547
Let c(q) = 90*q + 4312. Give c(-48).
-8
Let m(p) = -p**2 + 8*p + 47. What is m(11)?
14
Let u(x) = x**3 + 16*x**2 + 50*x + 8. What is u(-12)?
-16
Let h(z) = 3*z**3 - 6*z**2 + 3. Determine h(3).
30
Let l(w) = -8*w**2 - 61*w - 70. Give l(-12).
-490
Let r(y) = y**3 + 58*y**2 - 194*y - 660. Calculate r(-61).
11
Let b(m) = -m**3 - 12*m**2 - 29*m - 62. What is b(-11)?
136
Let y(a) = -2*a**2 + 30*a + 2867. Give y(46).
15
Let f(s) = -s**2 - 3*s + 482. Give f(-24).
-22
Let d(o) = 2*o - 106. Determine d(16).
-74
Let i(m) = 52*m - 6198. What is i(119)?
-10
Let w(i) = -i**3 - 15*i**2 - 26*i + 60. Calculate w(-11).
-138
Let i(g) = 7316*g + 36572. Calculate i(-5).
-8
Let c(x) = x**3 - 79*x**2 + 366*x + 100. Calculate c(74).
-196
Let y(d) = -d**3 - 44*d**2 + 35*d - 197. Determine y(-45).
253
Let x(m) = -78*m + 996. Give x(13).
-18
Let g(v) = -v**3 - 32*v**2 - 67*v - 218. Give g(-30).
-8
Let l(f) = -f**2 - 148*f - 5097. What is l(-54)?
-21
Let d(z) = 96*z - 378. Give d(4).
6
Let v(c) = 8*c**3 + 95*c**2 + 16*c + 365. Determine v(-12).
29
Let a(f) = f**2 - 45*f - 447. Determine a(41).
-611
Let y(g) = g**2 - 191*g + 3398. What is y(20)?
-22
Let b(s) = -15*s**2 + 368*s + 170. Give b(25).
-5
Let k(j) = 2*j**3 + 28*j**2 + 3*j + 36. Give k(-14).
-6
Let d(k) = -4*k**2 + 14*k - 9. Give d(3).
-3
Let v(w) = 80*w**2 + 828*w + 284. What is v(-10)?
4
Let l(c) = -32*c + 963. What is l(32)?
-61
Let y(d) = -d**2 - 11*d - 92. Give y(-6).
-62
Let p(x) = -3*x**3 + 308*x**2 - 816*x + 1595. What is p(100)?
-5
Let d(m) = -6*m**3 - 5*m**2 + 37*m - 7. What is d(-3)?
-1
Let x(v) = -310*v + 23884. Determine x(77).
14
Let p(g) = 2*g**3 - 8*g**2 - 8*g + 50. Give p(4).
18
Let q(m) = -m**2 + 10*m + 28. Determine q(13).
-11
Let q(o) = -330*o - 18. Calculate q(-1).
312
Let q(v) = 5*v**3 + 69*v**2 - 4*v + 138. Determine q(-14).
-2
Let c(n) = -n**2 + 13*n + 10872. Give c(-98).
-6
Let h(a) = -104*a + 735. Calculate h(5).
215
Let a(v) = -11*v - 3. Calculate a(-12).
129
Let j(b) = -110*b + 668. Give j(10).
-432
Let c(x) = -31*x**2 + 406*x - 75. Give c(13).
-36
Let x(l) = -248*l + 17502. Determine x(71).
-106
Let t(j) = 5*j**2 - 655*j - 1281. Determine t(133).
49
Let u(f) = f**2 + 59*f + 371. Give u(-54).
101
Let w(z) = 361*z + 3262. Determine w(-9).
13
Let m(w) = w**3 - 63*w**2 - 62*w - 127. Calculate m(64).
1
Let n(d) = d**3 - 16*d**2 - 46*d + 26. Calculate n(18).
-154
Let r(p) = 126*p - 5919. What is r(47)?
3
Let j(l) = -5259*l - 10513. Calculate j(-2).
5
Let t(b) = 537*b + 321. Calculate t(-1).
-216
Let j(r) = r**3 - 242*r**2 + 485*r - 1202. What is j(240)?
-2
Let d(o) = 11966*o - 71801. What is d(6)?
-5
Let a(m) = -m**2 + 18*m - 20. Calculate a(18).
-20
Let j(l) = 58*l + 8410. What is j(-145)?
0
Let p(s) = 105*s**2 - 1474*s + 38. Determine p(14).
-18
Let t(k) = 157*k - 2212. What is t(14)?
-14
Let x(b) = b**2 + 38*b + 438. What is x(-22)?
86
Let h(w) = -11*w**2 + 121*w + 12. Determine h(11).
12
Let s(j) = 2*j**3 - 120*j**2 + 117*j + 119. Calculate s(59).
60
Let y(x) = -x**3 + 114*x**2 - 2089*x - 380. What is y(91)?
-16
Let g(s) = -256*s - 291. Give g(0).
-291
Let l(r) = 39*r**2 - 101*r + 101. Determine l(1).
39
Let v(d) = 23*d - 207. Calculate v(6).
-69
Let v(q) = 2*q**3 - 19*q**2 + 90*q - 997. What is v(10)?
3
Let x(z) = -z**3 - 2*z**2 - 34*z - 118. Calculate x(-3).
-7
Let k(m) = -18*m - 970. Give k(-53).
-16
Let r(c) = 84*c + 1198. Calculate r(-14).
22
Let i(f) = -1656*f - 16579. Give i(-10).
-19
Let u(y) = -9*y + 41. Determine u(7).
-22
Let l(n) = -20*n**2 + 357*n + 358. Calculate l(-1).
-19
Let s(y) = 2579*y + 7691. Calculate s(-3).
-46
Let x(q) = 4*q**3 + 15*q**2 + 4*q + 8. Determine x(-4).
-24
Let g(z) = -9*z**3 + 3*z**2 - 5*z + 8. Give g(2).
-62
Let s(y) = -y**2 + 28*y + 484. Determine s(-13).
-49
Let d(a) = 2*a**3 - 12*a**2 - 8*a - 2. Calculate d(5).
-92
Let j(n) = -5*n**2 - 176*n + 221. Give j(-41).
-968
Let c(u) = -u**2 - 431*u - 7435. Give c(-18).
-1
Let q(j) = -j**3 + 66*j + 87. Give q(-10).
427
Let p(d) = 3*d**2 + 11*d - 24. Determine p(0).
-24
Let y(z) = 25*z + 985. Give y(-36).
85
Let a(v) = 2*v**3 - 89*v**2 + 608*v + 154. Determine a(36).
10
Let d(p) = 6*p**2 + 18*p - 1240. What is d(-16)?
8
Let c(p) = -p**3 - 24*p**2 + 255*p - 2. What is c(8)?
-10
Let u(k) = 27*k + 246. Give u(-6).
84
Let i(h) = -h**3 - 41*h**2 + 35*h + 19. Calculate i(-42).
313
Let k(y) = y**3 - 172*y**2 - 9*y + 1561. Calculate k(172).
13
Let s(h) = -4*h**2 - 60*h - 277. Give s(-11).
-101
Let h(u) = u**2 - 16*u - 284. Give h(18).
-248
Let t(h) = -6*h - 30. Give t(-10).
30
Let u(f) = -f**3 + 3*f**2 - 25*f + 181. Determine u(5).
6
Let c(p) = p**3 - 38*p**2 + 71*p + 50. Give c(36).
14
Let f(u) = 18*u - 45. Determine f(-2).
-81
Let q(i) = -1205*i + 7227. What is q(6)?
-3
Let w(g) = g**3 + 39*g**2 - 127*g - 53. Give w(-42).
-11
Let j(p) = p**2 - 31*p + 11. Calculate j(21).
-199
Let s(z) = 2*z**2 + 8*z + 3. Determine s(-12).
195
Let k(p) = 5*p**3 - 41*p**2 + 9*p + 4. Determine k(8).
12
Let y(w) = -w**2 - 47*w - 294. Determine y(-29).
228
Let s(x) = -x**3 - 2*x**2 + 44*x + 228. Determine s(-6).
108
Let x(q) = -2*q**2 - 47*q - 12. What is x(-27)?
-201
Let o(c) = 2*c**2 - 5*c + 3. Calculate o(-3).
36
Let x(j) = -j**3 - 155*j**2 + 1132*j - 329. Determine x(-162).
-5
Let m(n) = -10*n - 279. Calculate m(-36).
81
Let q(v) = v**2 - 43*v + 400. Calculate q(24).
-56
Let p(o) = 376*o + 8563. Determine p(-23).
-85
Let d(k) = 1620*k - 56699. What is d(35)?
1
Let b(a) = -1985*a - 95274. Determine b(-48).
6
Let a(u) = -6*u**3 - u**2 - 16*u + 12. What is a(-4)?
444
Let g(y) = -12*y**3 - 65*y**2 + 45*y + 19. Give g(-6).
1
Let o(q) = 14*q**2 + 73*q - 167. Calculate o(3).
178
Let k(i) = 11*i**2 - 119*i + 2. What is k(11)?
24
Let i(c) = c**2 + 40*c + 263. Calculate i(-24).
-121
Let f(s) = 2*s**3 - 59*s**2 + 17*s + 316. Give f(29).
-32
Let b(f) = -2*f**3 - 3*f**2 + 5*f - 5. Determine b(3).
-71
Let s(w) = -95*w + 470. Calculate s(8).
-290
Let t(b) = -b**3 + 5*b**2 